Let o be 12/(-8)*(-2)/(-3). Let c(f) = 72*f**2 + 2. What is the tens digit of c(o)?
7
Let s = 267 - 106. What is the tens digit of s?
6
Suppose -4*x - 3*m = 401, 2*x = 2*m - 70 - 148. Let k be (-3)/(-1) + 644/4. Let t = k + x. What is the tens digit of t?
6
Let d(f) = 165*f + 308. What is the hundreds digit of d(15)?
7
Let i = -565 - -1061. What is the hundreds digit of i?
4
What is the tens digit of 201/(-16)*-4*24?
0
Suppose 6*u = 1092 + 306. Let q = u + 41. What is the units digit of q?
4
Suppose 0*i + 2*i = -16. Let q(l) = l + 10. Let s be q(i). Suppose -x = -s*x + 31. What is the tens digit of x?
3
Suppose 0 = -2*n - 3*o + 294 + 436, -1807 = -5*n - 3*o. What is the tens digit of n?
5
Let a(r) = -2*r**3 - 6*r**2 + 7*r - 7. Let j be a(-6). Suppose j - 807 = -5*x. What is the units digit of x?
8
Let i(x) = 2*x**2 + 17*x - 1. Let c be i(-9). Suppose 3*r - 4 = 2. Suppose -r*z = -c, 0*z + z - 2 = g. What is the units digit of g?
2
Let j be 8/(-3) - (-16)/24. Let o be (-7 + 5)/(j/(-36)). Let u = o + 51. What is the units digit of u?
5
Suppose 90 = 5*b - 2*v, 2*v + 3*v + 72 = 4*b. Let i = b + 18. Let w = 74 - i. What is the units digit of w?
8
Suppose -3*m + t = -2498, -2*t - t + 4182 = 5*m. What is the tens digit of m?
3
Let j(q) = 2*q**2 - 19*q - 215. What is the hundreds digit of j(-16)?
6
Let c(j) = -14 - j**2 - 6*j + 14. Let s be c(-6). Suppose -5*g = -2*t + 8, -3 + s = -t + 3*g. What is the units digit of t?
9
Let r be (-4 + -1 + 1)/((-1)/(-1)). What is the tens digit of -1*4 - (-57 - r)?
4
Suppose -6*o + 45 = 9*o. Suppose 11*w - 1664 = o*w. What is the tens digit of w?
0
Suppose -3*c + 5*p = 33, 3*c + 33 = 16*p - 12*p. What is the tens digit of 29/(-1)*((6 - 3) + c)?
3
Let h(t) = 3202*t**3 + 2*t**2. What is the thousands digit of h(1)?
3
Suppose 3*o + 419 = -118. Let h = 295 + o. What is the hundreds digit of h?
1
Suppose -9 = -5*h + 3*h - j, 5*h - 25 = -5*j. Suppose 6*m + 238 = h*m. What is the tens digit of 642/34 - 14/m?
1
Suppose 10*l - 7*l - 1437 = 0. What is the hundreds digit of l?
4
Let j(b) be the third derivative of b**4/4 - b**3/6 + 8*b**2. What is the units digit of j(7)?
1
Let z(o) = -o**3 - 7*o**2 - o. Let q be z(-7). Suppose -5*r + q*r - 30 = 0. What is the tens digit of r/2*(-4 - -6)?
1
Suppose -28092 = -36*x + 45312. What is the tens digit of x?
3
Let r be (-27)/45 - 14/10 - -161. Let x = 4 + r. What is the tens digit of x?
6
Let m(w) = -w**2 - 9*w - 10. Let r be m(-7). Suppose 9*j - 20 = r*j. Suppose 5*z = -2*q + 111, -152 = -j*q + 3*z + z. What is the units digit of q?
3
Suppose 3*z - 4*z - 36 = g, 0 = 4*z + 2*g + 148. Let f = 76 + z. What is the tens digit of f + 0 + (-3 - -1)?
3
Let c = 8 + -64. Let h = 101 + c. What is the tens digit of h?
4
Let d = 402 + -370. Let i = -35 + 12. Let x = i + d. What is the units digit of x?
9
Let t(s) be the first derivative of -s**4/4 + 2*s**3 - s**2 + 4*s + 1. Let c(z) = z**2. Let g be c(-2). What is the units digit of t(g)?
8
Suppose 2830 = 10*s - 1410. What is the hundreds digit of s?
4
Let k be (306/(-85))/((-2)/(-5)). Let o(u) = u**3 - 3*u**2 - 5*u + 6. Let i be o(4). What is the units digit of -1 + -1 + (i - k)?
9
Let x(s) = 2*s**2 - 14*s + 6. Suppose 0*a - 9 = -a. What is the units digit of x(a)?
2
Let i be (0*(-5)/(-15))/2. Suppose i = 5*p + 5*n - 60 - 140, 0 = -2*p - 5*n + 68. What is the units digit of p?
4
Let g(x) = x**3 + 7*x**2 - 5*x - 5. Let r be g(-8). Let v = r + 29. Suppose z - 54 + 9 = v. What is the tens digit of z?
4
Suppose 59137 = 35*u - 48593. What is the tens digit of u?
7
Suppose -220*o + 206*o + 20678 = 0. What is the tens digit of o?
7
Let p = 142 + -55. Let l be (-3 - 0 - -6) + p. Let b = -61 + l. What is the tens digit of b?
2
Suppose -c + 1541 = 5*t, -5*t + 4*t + 303 = -5*c. What is the units digit of t?
8
Let r be (-210)/(-51) + (-4)/34. Suppose -5*i + q = -2*q - 476, -397 = -r*i - 3*q. What is the units digit of i?
7
Suppose 192 = 5*g - 3*g. What is the tens digit of -4*4/(-32)*g?
4
Let t(w) = -w**2 - 6*w + 12. Let r be t(-6). Let b = r - 7. Suppose -l = b*n + 4*l - 105, 2*l = -4. What is the units digit of n?
3
Let n be (-10)/4*(-20)/(-25). Let q be 6/(n/(-1)) - -113. Suppose -106 - 47 = -4*c + w, -w = -3*c + q. What is the tens digit of c?
3
What is the tens digit of (2 + -1)*-6*(-19 + 0)?
1
Let z = 65 + 65. Suppose 4*v - z = 78. What is the units digit of (v/10)/((-7)/(-35))?
6
Suppose -x - q = -6*x + 12, 0 = -4*q - 8. Suppose -3*z + 209 = x*d, -5*d + 3*z = -489 + 19. What is the tens digit of d?
9
Let l(b) = -b**2 + 7*b + 20. Let a be l(9). Suppose -v = 3*y - 414, a*v = 6*y - 10*y + 550. What is the units digit of y?
9
Suppose -5*j + o = 4*o - 3530, 0 = -2*j - 4*o + 1398. What is the hundreds digit of j?
7
Let b(u) = -u**2 - 4*u - 1. Let r be b(-3). Suppose -5*h - 7 = z - 38, r*z = -3*h + 48. Let o = 6 + z. What is the units digit of o?
7
Let l be -4*(-3)/(-18)*-18. Suppose -5*h = -h + l. What is the units digit of (h - 2)/((-2)/10)?
5
Let n(z) = -z**3 - 23*z**2 - 24*z - 36. Let f be n(-22). Suppose 0 = 3*b + 4*m - 557, f*m - 3*m + 402 = 2*b. What is the hundreds digit of b?
1
Suppose -2*l = f - 4500, -3*f + 6*f - 2245 = -l. What is the units digit of l?
1
Let l be 48/(-40)*(-5)/(-2). What is the units digit of (0 + (-18)/5)/(l/120)?
4
What is the tens digit of (-30515)/(-8) - 117/312?
1
Let l = 1802 + -1103. What is the units digit of l?
9
Let f(y) = -y**3 + 16*y**2 - 11*y - 13. Let u be -3*1/4*(27 - 35). What is the tens digit of f(u)?
8
Let h = 1383 - 306. What is the tens digit of h?
7
Suppose k = -k + 182. Suppose 0 = -q - 5*c + k, 4*c = 4*q - c - 339. Suppose 0 = 4*t + 2 - q. What is the tens digit of t?
2
Let m(g) = -g**3 + 7*g**2 - g - 9. Let p be m(7). Let j be (5 - 1) + 12 + p. Suppose j = -2*k - c + 113, -k + 156 = 2*k - 3*c. What is the units digit of k?
5
Let t be ((-80)/(-56))/((-16)/(-7) - 2). Suppose -q - v + 14 = -15, 0 = 3*q - t*v - 119. What is the units digit of q?
3
Let k(l) be the third derivative of -l**6/120 + l**5/10 + l**4/4 - 7*l**3/6 - l**2. Let o be (6/(-10))/(11/(-110)). What is the units digit of k(o)?
9
Let y be 28/24*-3*20. What is the units digit of ((-54)/(-7))/((-10)/y)?
4
Suppose 5*t - 88 = -4*d + 21, 2*t - d = 41. What is the tens digit of t?
2
Suppose 8*j = 5*j + 18. What is the tens digit of 160/2 - 24/j?
7
Let p(a) = -8*a + 15. Let t be p(-11). Let w = -67 + t. What is the tens digit of w?
3
Let x(m) = -2*m**3 + 6*m**2 + 9*m + 40. Let g be x(-5). Suppose 6*l - 607 = g. What is the hundreds digit of l?
1
Suppose 7 = 3*c + 130. Let g = -34 - c. What is the units digit of g?
7
Let p be 0/(-2) + 13 + -2. Suppose 3*j - 5 = -5*c + p, -3*c - 2*j = -9. Suppose 7*v - c*v = 68. What is the tens digit of v?
3
Suppose 2*n = -u + 10, 17 = 5*u - 3. Suppose -5*k - 3*c = -375, 4*k + 2*c = n*k + 82. What is the tens digit of k?
7
Let j(m) = 2*m**2 + 33*m + 19. Let l be j(-16). Suppose l*q - 38 = q. What is the tens digit of q?
1
Let d(v) be the first derivative of -1/2*v**2 - 8 - 8*v. What is the units digit of d(-10)?
2
Let d(o) = -34*o + 94. What is the thousands digit of d(-36)?
1
Let p = 20 - -7. Suppose 249 = 3*u - 4*s, u - 5*s + p = 99. What is the tens digit of u?
8
Suppose -2*n - 437 = -3*l, -2*l = 4*n - n - 313. Let d = -100 + l. What is the tens digit of d?
4
Let a = 7191 + -5136. What is the thousands digit of a?
2
Let c(n) = 40*n - 24. Let m be c(14). What is the units digit of (m/16)/((-2)/(-4))?
7
Let m be (-10)/((-8 + 3)/10). What is the tens digit of 147 + (m*-1)/5?
4
Let r be (-108)/(-10)*(-5)/(-2). Let y = r + -51. Let j = 80 + y. What is the units digit of j?
6
Let a(w) = 48*w - 10. Let l be a(2). What is the tens digit of (-6)/(-4) - l/(-4)?
2
Suppose 0 = 49*f - 18302 - 30159. What is the hundreds digit of f?
9
Let n = 54 + 13. What is the tens digit of n*2*(-3)/(-6)?
6
Let q(m) = -42*m**3 + 3*m**2 + m - 1. Let d be q(-2). Suppose -11*w + d = -6*w. What is the units digit of w?
9
Let v be (-30)/48 - -1 - (-3)/(-8). Suppose v = 8*l - 1998 - 298. What is the hundreds digit of l?
2
Let q(o) = 4*o**2 - 7*o - 9. Let x(z) = -z**2 + 1. Let r(f) = q(f) + 5*x(f). Let u be r(-4). Suppose 0*v = -4*v + u. What is the units digit of v?
2
Let x be (-3 + (0 - -1))*-1. Suppose 13 = -0*j + j + z, -x*j + 2*z = -10. Le